+ 18. Let b be -6*((-18)/20)/(9/(-15)). List the prime factors of w(b).
2, 3, 5
Suppose 14*r = -6798 + 25544. What are the prime factors of r?
13, 103
Let s = 13 + -17. What are the prime factors of (-2)/s*(54 - -4)?
29
Let k be (-196)/8*-1*2. Suppose k = 4*t + 21. What are the prime factors of (3 - (-3 + t))*-4?
2
Let n(z) = 2*z + 3. Let j be n(6). Suppose 3*k - 6*k = -j. Suppose -4*f + 153 = k*q, f + 37 = q + 5*f. What are the prime factors of q?
29
Let c = 8 - 22. Let d = c - -18. Suppose 12 = d*q - 0. What are the prime factors of q?
3
List the prime factors of 3*7/(-21)*(-2 - 167).
13
Let q = 418 - 72. List the prime factors of q.
2, 173
Let a(v) = v**3 + 61*v**2 + 88*v + 249. List the prime factors of a(-59).
3, 673
Suppose -5*w = -2*k - 441, -11*k + 8*k + 273 = 3*w. What are the prime factors of w?
89
Let k = 647 - 171. Suppose -5*m + 304 = -k. List the prime factors of m.
2, 3, 13
Let t = 8 + -5. Suppose 3*n - 3 - t = 0. Suppose -q - 9 = -n*q. What are the prime factors of q?
3
Let w = 34 + -31. Suppose -w*f - 5*p = -20, -17 = -5*f - 5*p + 23. What are the prime factors of f?
2, 5
Let l(j) = j**2 + 8*j - 9. Let x = -8 + 10. Suppose -x*d = 23 - 1. What are the prime factors of l(d)?
2, 3
Suppose 5*c + 4 = -2*l + c, c - 24 = 2*l. Let s be 8/l*10/(-4). Suppose 4*f = -2*i + 32, -s*i + 10 = -f + 2*i. What are the prime factors of f?
2, 3
Let z = 311 - -854. What are the prime factors of z?
5, 233
Suppose 5*p = 1 + 9. Let q = 230 - 151. Suppose -p*h = -5*c + q + 61, c - 2*h - 36 = 0. What are the prime factors of c?
2, 13
Let p be -1 + (-104)/4*-1. Let h = p + -35. List the prime factors of (36/30)/((-4)/h).
3
Suppose 0 = -0*h - 5*h + 2*w + 14, 4*h + 2*w = 4. List the prime factors of 2 - ((-4)/(-8) + (-83)/h).
43
Suppose -24 = -4*y - 8. Suppose m + 3*p + 4 = 3, -y*p - 13 = -m. Suppose 3*x - 11 = 2*c, m*x + 0*c = -2*c + 29. What are the prime factors of x?
5
Let n be 2*20*(-1)/(4/514). List the prime factors of n/(-30) - (-2)/(-6).
3, 19
Let o(q) = q**2 + 4*q + 6. Suppose 40 = 20*r - 25*r. List the prime factors of o(r).
2, 19
Let q(s) be the third derivative of s**4/24 + 2*s**3/3 + 31*s**2. What are the prime factors of q(3)?
7
Suppose 29*n - 20687 = 65153. What are the prime factors of n?
2, 5, 37
Let n(a) = -a**3 - 10*a**2 + 6. Let q be n(-10). Let i be (-1)/(-2)*q + -39. Let s = i + 66. What are the prime factors of s?
2, 3, 5
List the prime factors of 13/((-968)/6968 - 2/(-13)).
13, 67
Let s(h) = -153*h - 111. What are the prime factors of s(-4)?
3, 167
Let l(v) = 4*v**2 - 10*v - 12. Let m(k) = -5*k**2 + 9*k + 11. Let y(u) = 4*l(u) + 3*m(u). Let p be y(14). List the prime factors of p - (-7 + -4) - -2.
2, 3
Let p(j) = -34*j - 10. List the prime factors of p(-18).
2, 7, 43
Suppose -4*g = -79 - 37. Suppose -5*p + g - 3 = -4*u, -u - 17 = -3*p. Suppose h - p = -1. What are the prime factors of h?
5
Let y = 949 - 443. What are the prime factors of y?
2, 11, 23
Let l(b) = -b**2 - 8*b - 9. Suppose 9 = -11*u + 8*u. Let n be -1 + (-2 - 0) + u. What are the prime factors of l(n)?
3
Let f(a) = a**2 + a - 9. Let w be f(0). Let u(g) be the second derivative of g**5/20 + 3*g**4/4 - g**3/2 - 2*g**2 + 4*g. List the prime factors of u(w).
23
Suppose 0 = -13*m + 17*m - 96. Let x = m - -9. List the prime factors of x.
3, 11
Suppose 0 = -2*q + 3*q - 4*o - 3576, 3*q - 4*o = 10728. What are the prime factors of q?
2, 3, 149
Let o(x) = 24*x + 3 + 1 - 32*x - 20. List the prime factors of o(-9).
2, 7
Let u(b) = 2*b**3 + 10*b**2 - 11*b + 11. Let j(y) = 5*y**3 + 2*y + 1. Let q be j(-1). List the prime factors of u(q).
5
Let m(k) = k**3 - 22*k**2 + 31*k + 41. List the prime factors of m(22).
3, 241
Suppose 0 = 4*k - 4*c - 4, -2 = -4*k + 6*c - c. Suppose 2*t = -k*t + 420. List the prime factors of t.
2, 3, 7
Suppose 18*k - 2349 = 15*k. What are the prime factors of k?
3, 29
What are the prime factors of (5 + 1830/(-20))*-2?
173
Let p = 212 + -118. Let v = 134 - p. List the prime factors of v.
2, 5
Let s(w) = w**3 + 7*w**2 + 7*w + 6. Let n be s(-5). Suppose 24*a - 513 = n*a. List the prime factors of a.
3, 19
List the prime factors of -7 - -1 - (28 - 32) - -4052.
2, 3, 5
Let s(o) = o**2 + 11*o - 148. Let r(k) = k**2 + 11*k - 149. Let x(n) = 2*r(n) - 3*s(n). List the prime factors of x(0).
2, 73
Suppose c + 20 + 17 = 0. Let g = c + 109. List the prime factors of g.
2, 3
Let k(q) be the second derivative of -2*q**2 - 1/20*q**5 + 1/2*q**4 + 0 + q + 3/2*q**3. What are the prime factors of k(7)?
2, 5
Let c be 3/3 + 6 + -3. Suppose -92 = -4*j - c*x, 5*j = -4*x + x + 111. Let b = -15 + j. List the prime factors of b.
2, 3
Suppose -5*f = -2*a + 2034 + 125, 4*f = 4*a - 4348. Suppose -q = -2*t - 282, 3*t = -4*q - t + a. List the prime factors of q.
2, 3, 23
Let i(t) = 14*t**2 + 2*t + 1. Let c be i(-1). Let n = 9 + c. List the prime factors of n.
2, 11
Let o(n) = -n**2 + 12*n - 17. Let r be o(9). Let h(w) = -73 + 0*w**2 - w**2 + 65 - 5*w - r*w. List the prime factors of h(-10).
2, 3, 7
Let c(t) = 6*t**2 + 7*t + 9. What are the prime factors of c(-3)?
2, 3, 7
Suppose 3*k - 1257 = -2*k - z, 0 = k + 2*z - 246. List the prime factors of (k/35)/((-2)/(-10)).
2, 3
Let v = 710 - -32. What are the prime factors of v?
2, 7, 53
Let r(k) = 60*k**2 + 19*k - 20. What are the prime factors of r(-6)?
2, 1013
Suppose -4*l + 0 + 88 = 0. Suppose o + u = 3, 0*o + o + 5*u = -13. Let f = l - o. List the prime factors of f.
3, 5
Suppose 5*h = -4 - 11, 2*w - 3*h = 343. What are the prime factors of w?
167
Let p = 42 - 225. Let m = 329 + p. What are the prime factors of m?
2, 73
Let v = -205 + 794. List the prime factors of v.
19, 31
Suppose c - 8 = p - c, -12 = -4*c. Let w be 1 - -4 - p/(-1). Let v = 1 + w. What are the prime factors of v?
2
Let v = 3205 + -556. What are the prime factors of v?
3, 883
Suppose -85099 = -47*h + 66993. What are the prime factors of h?
2, 809
What are the prime factors of (9571/34)/(4*1/8)?
563
Let y(p) = 112*p**3 - 3*p + 2. Let z be y(1). Let i = 301 + -120. Suppose 3*b = -4*q + z, -4*q + i - 29 = 4*b. What are the prime factors of b?
41
List the prime factors of -7 + (-32456)/(-64) + 2/(-16).
2, 5
Suppose 15*h - 16 = 119. Let i(n) = -n**3 + n**2 + 9. Let k be i(0). What are the prime factors of (-2)/h - (-344)/k?
2, 19
Let c be (-2895)/(-11) + 8/(-44) + -1. Suppose -2*o = 3*q - c, -4*o - q + 5*q = -544. What are the prime factors of o?
2, 67
Let r = -69 + 2112. List the prime factors of r.
3, 227
Let x = -16 + 38. Let t = x - 14. What are the prime factors of 7/3 - t/(-12)?
3
Let a = -86 - -84. What are the prime factors of 20/(-130) + ((-6140)/(-26) - a)?
2, 7, 17
Let f = 17 + -13. Let q be (1 - 3)/f*-12. What are the prime factors of 8*(-2 + (q - 2))?
2
Let o = -21 - -24. Suppose -5*a = 3*y - 750, -2*y - 316 = -o*a + a. List the prime factors of a.
3, 17
Let n(o) = o**3 - o**2 + 8*o + 82. What are the prime factors of n(10)?
2, 3, 59
Suppose 0 = 8*i - 1155 - 2669. What are the prime factors of i?
2, 239
What are the prime factors of (-24468)/(-156) - 2/(-13)?
157
Let b = 21 - 14. Let x(r) = 2*r - 8. Let n be x(b). Suppose a = 4*z + 3*a - 38, -3*z + n = -3*a. List the prime factors of z.
7
Suppose 5*w + 5 = s + 6, -5*w + 21 = 4*s. Let h(v) = 2*v**2 - v - 4. Let j be h(4). What are the prime factors of 594/j + w/4?
5
Let j = -343 - -1087. What are the prime factors of j?
2, 3, 31
Let d be (-275)/(-22)*(-4)/(-5)*-9. Let k = d + 145. List the prime factors of k.
5, 11
Let k be ((-281820)/126)/(1/(-1*3)). What are the prime factors of (-8)/(-10)*k/44?
2, 61
What are the prime factors of ((-15)/10)/(3/(-908))?
2, 227
Let h = -7 + 6. List the prime factors of (-7 - -4)/(h/6).
2, 3
Suppose 1205 = 35*l - 30*l. List the prime factors of l.
241
Suppose 0 = -g - 1, 4*z + 2*g = -2*g + 20. Suppose -z*i + 34 = 10. What are the prime factors of i?
2
Suppose 0 = 4*z + y - 658, 2*z = y + y + 334. Suppose m + 2*m = z. Let d = m + -36. What are the prime factors of d?
19
Suppose 0 = -w + 317 + 25. What are the prime factors of w?
2, 3, 19
Suppose 2*m + 6 = 0, -5*w - 2*m = m - 1. Suppose 0 = p + w - 6. Suppose 0 = p*i + i - 110. What are the prime factors of i?
2, 11
Let u(t) = t + 6. Let a be u(-6). Suppose q + 5*r - 70 = a, 0 = 2*q - 2*r - 41 - 39. What are the prime factors of q